{"id":24,"date":"2023-04-17T23:12:15","date_gmt":"2023-04-18T02:12:15","guid":{"rendered":"https:\/\/elixirroyale.com.br\/?post_type=product&#038;p=24"},"modified":"2026-04-22T10:16:04","modified_gmt":"2026-04-22T13:16:04","slug":"xarope-de-maracuja","status":"publish","type":"product","link":"https:\/\/elixirroyale.com.br\/index.php\/product\/xarope-de-maracuja\/","title":{"rendered":"Xarope de Maracuj\u00e1 Elixir Royale 700ml"},"content":{"rendered":"<p>Deixe-se seduzir pelo ex\u00f3tico e irresist\u00edvel sabor do maracuj\u00e1 com o xarope da Elixir Royale. Cada gota deste elixir dourado \u00e9 uma celebra\u00e7\u00e3o da paix\u00e3o tropical, capturando a intensidade e o frescor da fruta em uma experi\u00eancia sensorial \u00fanica. Sinta a explos\u00e3o de sabores frutados em cada gole, um convite para uma viagem ao para\u00edso de sabores ex\u00f3ticos e estimulantes. Com sua acidez refrescante e do\u00e7ura equilibrada, este xarope \u00e9 o complemento perfeito para suas bebidas e sobremesas, elevando cada momento a um novo n\u00edvel de prazer e sofistica\u00e7\u00e3o. Descubra a autenticidade e o sabor genu\u00edno do maracuj\u00e1 em cada garrafa de xarope da Elixir Royale, uma verdadeira indulg\u00eancia para os amantes de sabores ex\u00f3ticos.<\/p>\n<p>&nbsp;<\/p>\n<p>Xarope de fruta para preparo de bebidas sabor maracuj\u00e1<\/p>\n<p>Conte\u00fado: 700ml<\/p>\n","protected":false},"excerpt":{"rendered":"<p>Xarope de fruta para preparo de bebidas sabor maracuj\u00e1<\/p>\n<p>Conte\u00fado: 700ml<\/p>\n","protected":false},"featured_media":332,"template":"","meta":{"om_disable_all_campaigns":false,"_monsterinsights_skip_tracking":false,"_monsterinsights_sitenote_active":false,"_monsterinsights_sitenote_note":"","_monsterinsights_sitenote_category":0},"product_brand":[],"product_cat":[17],"product_tag":[21,29,30,20,18],"class_list":{"0":"post-24","1":"product","2":"type-product","3":"status-publish","4":"has-post-thumbnail","6":"product_cat-xaropes","7":"product_tag-drink","8":"product_tag-maracuja","9":"product_tag-passion-fruit","10":"product_tag-soda-italiana","11":"product_tag-xarope","13":"first","14":"instock","15":"shipping-taxable","16":"purchasable","17":"product-type-simple"},"aioseo_notices":[],"jetpack_sharing_enabled":true,"_links":{"self":[{"href":"https:\/\/elixirroyale.com.br\/index.php\/wp-json\/wp\/v2\/product\/24","targetHints":{"allow":["GET"]}}],"collection":[{"href":"https:\/\/elixirroyale.com.br\/index.php\/wp-json\/wp\/v2\/product"}],"about":[{"href":"https:\/\/elixirroyale.com.br\/index.php\/wp-json\/wp\/v2\/types\/product"}],"wp:featuredmedia":[{"embeddable":true,"href":"https:\/\/elixirroyale.com.br\/index.php\/wp-json\/wp\/v2\/media\/332"}],"wp:attachment":[{"href":"https:\/\/elixirroyale.com.br\/index.php\/wp-json\/wp\/v2\/media?parent=24"}],"wp:term":[{"taxonomy":"product_brand","embeddable":true,"href":"https:\/\/elixirroyale.com.br\/index.php\/wp-json\/wp\/v2\/product_brand?post=24"},{"taxonomy":"product_cat","embeddable":true,"href":"https:\/\/elixirroyale.com.br\/index.php\/wp-json\/wp\/v2\/product_cat?post=24"},{"taxonomy":"product_tag","embeddable":true,"href":"https:\/\/elixirroyale.com.br\/index.php\/wp-json\/wp\/v2\/product_tag?post=24"}],"curies":[{"name":"wp","href":"https:\/\/api.w.org\/{rel}","templated":true}]}}